 x(-29)?
6
Let n = 80593 - 36030. What is the ten thousands digit of n?
4
Suppose -3*w = d - 362, d - 3*w - 151 = 205. Suppose u - d = 89. Let v = 631 - u. What is the units digit of v?
3
Let t(i) = 9*i + 4. Suppose -5*y = -3*s - 3, -2*s = -0*y + 5*y - 23. Let q be 5 - 14/4 - (-2)/s. What is the tens digit of t(q)?
2
Suppose -139609 - 257878 = -12*f - 31835. What is the units digit of f?
1
Let t be 21/(-2)*(-2)/(-15) + (-1674)/15. Suppose -3*b + 492 = -b. Let k = b + t. What is the units digit of k?
3
Let u(p) = 15*p - 5. Let z(i) be the second derivative of i**3/6 + 6*i**2 + 5*i. Let r be z(-6). What is the units digit of u(r)?
5
Suppose -1 - 1 = -q. Suppose q*i = -b - 24, -2*b - i + 6*i - 66 = 0. What is the units digit of (301/b)/(1/(-4))?
3
Let w(q) = 2*q + 4. Let p be w(-2). Suppose p = -70*a + 73*a - 213. What is the tens digit of ((-1)/(-1))/(1/a)?
7
Suppose -5*p + 1383*t + 127785 = 1388*t, -t = -2. What is the tens digit of p?
5
Let l(f) = -10*f**2 - 13*f + 10. Let r be l(8). Let q = -178 - r. What is the units digit of q?
6
Let l = 47732 - 27108. Let k = 9888 - l. What is the units digit of k/66*(-6)/4?
4
Suppose -4636 - 792 = -4*i - 3*h, -3*i - 2*h = -4071. What is the hundreds digit of i?
3
Suppose 215*x - 170697 = 212*x. What is the units digit of x?
9
Suppose 4889 = 5*b - 3*k, -b + 4*b + 2*k = 2922. Let a = b + 742. What is the thousands digit of a?
1
Let a(x) = 12*x**3 + 4*x**2 - 6*x - 2. Let y be a(3). Let i = -2 - -4. Suppose 3*c - y = -i*c. What is the tens digit of c?
6
Suppose -t - 3*h + 6 + 1 = 0, -4*t + 2*h + 84 = 0. Suppose -t*x + 14*x - 5 = 0. What is the hundreds digit of (-180 + 1 + (-1 - 1))*x?
1
Let b(i) = -17 - 25*i + 15*i + 14*i. Let m be b(5). Suppose -516 = -m*s - 3*s. What is the units digit of s?
6
Suppose 2*s - 31909 = -10*s + 7415. What is the units digit of s?
7
Suppose -18*b = -582 - 642. Suppose 0 = -0*z - 2*z + b. Suppose i - 5*c = -13 + 54, 0 = i + 2*c - z. What is the units digit of i?
6
Let r(m) = 47*m + 3. Let i be r(1). Suppose 0 = -6*j - i + 218. Let l = j - 8. What is the units digit of l?
0
Let z = 1256 - 444. Suppose 4*t - 8*t = -z. Suppose 3*a - 184 = t. What is the hundreds digit of a?
1
Suppose -2*o + 15 = -1. Let a(k) = 7*k**2 - 7*k - 17. What is the hundreds digit of a(o)?
3
Let x(u) = -u**2 - 6*u + 16. Let d be x(-7). Suppose -d*n + 1458 = -3*n. What is the units digit of n?
3
Let l(c) = 95*c**2 + 4*c - 6. Let n(f) = f**2 + 2. Let r(d) = l(d) + n(d). What is the tens digit of r(-2)?
7
Let m(i) = -66*i**2 + 9*i - 19. Let a(r) = 98*r**2 - 12*r + 27. Let u(y) = 5*a(y) + 7*m(y). Let d = -2 - 0. What is the tens digit of u(d)?
0
Let q = 3377 - -5629. What is the hundreds digit of q?
0
Let b = -11 + 8. Let d(q) = -30*q + 44. Let c be d(5). What is the tens digit of b - (3 + c + 4)?
9
Let j(y) = y**3 + 35*y**2 - 73*y - 55. Let f be j(-37). Suppose -510 = 2*a - 3*l - 177, 4*l = -a - 139. Let x = f - a. What is the units digit of x?
7
Let o(l) = 3*l**2 - 15*l**3 + 271 - 4*l**2 + 14*l**3. Let f be o(0). Let p = 382 - f. What is the units digit of p?
1
What is the thousands digit of -20*9/(-36) - -4017?
4
Suppose 4*x + b + 94763 = 308736, x + 2*b - 53502 = 0. What is the hundreds digit of x?
4
Suppose -2*i - 8 + 22 = 2*n, n + 5*i + 13 = 0. Let o = n + 13. What is the units digit of o?
5
Let q be 2/(4 + (-330)/81). Let o be ((-18)/q)/(2/15). Suppose 3*r + 248 = w + 3*w, -o*w + 310 = 5*r. What is the units digit of w?
2
Let s(c) = -192*c + 4376. What is the hundreds digit of s(0)?
3
Let n(y) = 264*y - 5 - 268*y + 1. What is the units digit of n(-6)?
0
Suppose -11*m - 21 = -4*m. Let x be (-14)/m - (3 + 30/(-9)). Suppose -l - 4*c + 133 = 0, x*l = -3*c + 405 + 175. What is the tens digit of l?
1
What is the tens digit of -6 - (-3)/2*(-22)/(-33)*4210?
0
Let n be -2 - (2 - (-3 + 11)). Suppose -2*h = -5*o - 4*h - 235, 4*o - n*h = -160. What is the units digit of (-4 + o/(-10))*52?
6
Let n be 44/10*(-220)/(-8). Let r be (-22)/(-11) - (-192)/1. Let c = r - n. What is the tens digit of c?
7
Suppose 5*j + 292 = h, -j + 848 = 3*h - 2*j. Let s = 2560 + -2539. Suppose s*m - 18*m - h = 0. What is the units digit of m?
4
Let b(f) = 3*f**3 - f**2 - 66*f - 68. What is the units digit of b(23)?
6
Suppose -75 = -l - 3*l - 3*j, 5*j = 3*l - 20. Let d(m) = -m**3 - m**2. Let q be d(-2). Suppose 25 + l = q*a. What is the tens digit of a?
1
Suppose 0 = -r + 23 - 23. Suppose r = -5*u - 5*u + 740. Let x = 98 - u. What is the tens digit of x?
2
Let m = -313 - -313. Suppose m = 14*s - 2965 - 1137. What is the units digit of s?
3
Let h(j) = -13*j - 2 + 25 - 41. Let p be h(-4). What is the units digit of (357/p)/(1/4)?
2
Suppose -4*t + 1232 = 4*i, -4*i - 1232 = -4*t + i. Let g = t + -128. Suppose 5*s + 4*z - g = 9*z, -3*s + 108 = 4*z. What is the units digit of s?
6
Let j be (0 + -1)/((-18)/72). What is the hundreds digit of 659 + j/((-24)/30)?
6
Let l(u) = 3*u**3 - 19*u**2 + 22*u + 37. Let a(d) = d**3 - 18*d**2 + 22*d + 36. Let z(g) = 4*a(g) - 3*l(g). What is the tens digit of z(-8)?
5
Let h(y) = -3 + 16*y + 1359*y**2 - 1360*y**2 + 15*y. Let j be h(8). Suppose -n + 2*a + j = 0, -a + 5*a + 8 = 0. What is the tens digit of n?
7
Suppose 2*b = -4*y - 2*b + 73116, -6*b - 73086 = -4*y. What is the tens digit of y?
7
Suppose -5*n - 24266 = -z, 118*z - 122*z - n + 97148 = 0. What is the thousands digit of z?
4
Suppose 8*n - n = 504. Let h = n + -58. Suppose 77 = 3*p + h. What is the units digit of p?
1
Let g = -53 + 57. Let d be (-2)/(-7) + (-822)/(-14). Suppose -g*x = -309 - d. What is the units digit of x?
2
Let j = -2943 - -4168. Suppose -15 = 3*f, 3*o + 4*f + j = 4*o. What is the units digit of o?
5
Let x(p) = 71*p + 47*p + 310*p + 4 + 128*p. Let m be x(2). What is the units digit of 18/117 - m/(-13)?
6
Let b = -296 - -298. Suppose -5*d - 4*h + 857 = 0, -670 = -4*d + 4*h - b*h. What is the tens digit of d?
6
Suppose -2*s + 7 = -2*n - 19, 2*s - 5*n - 35 = 0. Let g = s - 16. What is the tens digit of 9 + g - -5*3?
1
Let w be (-4 + 3)*(1 + -6). Suppose -4*v + 1846 = t, -w*t = 4*v - 1311 - 543. What is the units digit of v?
1
Let v be 2 + -1 + -3 + (1578 - 5). Let x = v + -981. What is the units digit of x?
0
Let k(z) = -z - 5. Let g be k(0). Let l(h) be the third derivative of -h**6/120 - h**5/30 - h**4/24 + h**3/6 + 4*h**2 + 6*h. What is the tens digit of l(g)?
8
Let y = 39393 + -25870. What is the thousands digit of y?
3
Let p = -10251 + 19940. What is the hundreds digit of p?
6
Let p = -2440 - -1613. Let c = p - -2511. What is the thousands digit of c?
1
Let p(m) = -2*m**3 + 2*m**2 - m - 23. Let x be p(-6). Let t = x + 790. What is the thousands digit of t?
1
Let u = 109 + -12. Suppose -5*k + 3*d + 385 = 0, -21 = k - 5*d - 98. Let h = u - k. What is the tens digit of h?
2
Let k be 34/(-85)*(-1 - 4). Suppose 3*h - 420 = -0*h. What is the hundreds digit of (31/k)/(5*2/h)?
2
Suppose -6606 = -2*w - 245*z + 247*z, 0 = 2*w - 5*z - 6594. What is the hundreds digit of w?
3
Let m(v) be the second derivative of -v**5/20 + 13*v**4/6 + 47*v**3/6 - 7*v**2 - 320*v. What is the tens digit of m(26)?
0
Let i = 98413 + -52928. What is the ten thousands digit of i?
4
Let p = 4320 + 1658. What is the units digit of p?
8
Let u be 5/(25/205)*-4. Let q = 745 + u. Suppose 4*f = -3*f + q. What is the units digit of f?
3
Let v(a) = -2*a - 17. Let b be v(-10). Suppose -2*s = -b*s + 4, x - 3*s + 15 = 0. What is the hundreds digit of ((-107)/(-4))/(x/(-12))?
1
Suppose -4 = c - 8. Suppose d - 182 = -2*d - 2*u, 2*d - c*u - 148 = 0. What is the units digit of d?
4
Let u be 7/((-175)/40)*-5. Suppose 0 = 2*a - x - 317, -u*x = -3*a - 6*x + 475. Suppose -3*q - a = -489. What is the hundreds digit of q?
1
Suppose -1 = k - 3, 3*c - 2*k = 26. Suppose 3*u = -5*z + 565, c*z = 5*z + 2*u + 590. Suppose 0 = -4*m - 92 + z. What is the units digit of m?
6
Let y = 271 + -266. Suppose -5*c = -10, 4*c = y*p + c - 6194. What is the tens digit of p?
4
Let q = 45 + -43. Suppose 2*o + o - 4*i - 1475 = 0, -3*o = q*i - 1481. What is the units digit of o?
3
Let b(n) = -n**2 + 5*n + 1. Let g be b(5). What is the tens digit of 5 - (-331)/g - 4?
3
What is the thousands digit of (-6527)/(((-1)/(-4))/(6/8)*-1)?
9
Suppose -3*y + 3 + 3 = 0. Suppose -2*r - 19 = -0*c + 5*c, -y*r + 5*c = -31. Sup